t common factor of l and 92?
23
Suppose 3*j - 3 = 5*s + 31, 3*s = -5*j. Let p = s + 47. Suppose 6 = x + 3*c, -5*x = -3*c - 2*c - 30. What is the highest common divisor of x and p?
6
Let o(b) = -2*b. Let u be o(-1). Let d be (-4)/(9*(-1 - 44/(-36))). Let k be (-1)/u - 221/d. Calculate the greatest common factor of k and 10.
10
Suppose -2*d - 3*j + 13 + 22 = 0, -5*j - 81 = -3*d. Let z be (-18 - -17)*d*-11. Let i = -16 + 38. Calculate the greatest common divisor of z and i.
22
Let h be 3 + 2*(4 + 15). Let m = 113 - h. Calculate the highest common divisor of m and 9.
9
Let p be ((-819)/2)/(-3) - (-21)/14. Calculate the greatest common factor of 667 and p.
23
Suppose 4*q = 21 - 17. What is the highest common divisor of 19 and q?
1
Let z be (-6)/4*8/(-3). Suppose 56 = 5*c + 2*c. What is the highest common factor of c and z?
4
Let c be 3/(-4 - -1)*(-36 + 7). Calculate the highest common divisor of 2784 and c.
29
Let g be 7 - 4 - (0 + -3 - -2). Suppose 0 = -2*z + 5*y + 181, -z + 3 = g*y - 94. What is the highest common divisor of z and 62?
31
Suppose -2*l + 5 - 3 = 0. Suppose o - 5 = -l. Suppose 3*n - 73 = -4*q, -5*q + 3*n + 86 = 5*n. What is the highest common factor of o and q?
4
Let a(s) = -s + 12. Let x be a(-12). Let w be 196/1 + 2 + -6. What is the highest common factor of w and x?
24
Let u(m) = -m**3 - 4*m**2 - 6*m - 3. Let c be u(-3). Let i be -2 - (3 + -8 - 1). Let b be c/8 + 285/i. Calculate the greatest common divisor of 9 and b.
9
Suppose -2*f + 465 = 3*v, 7*f - 2*f - 2*v = 1153. What is the highest common divisor of 63 and f?
21
Suppose 66*k - 61*k = 645. Suppose -4*x + 39 = -k. Calculate the highest common factor of x and 28.
14
Let i be 1/(-3) - 14/21. Let t be 84/(-14)*i*1. Let z = 26 + -17. Calculate the highest common divisor of t and z.
3
Let p(q) = 4 + 6*q - 5*q + 3*q - 22. Let t be p(5). Calculate the greatest common factor of t and 22.
2
Let y = -598 - -599. Calculate the greatest common factor of 58 and y.
1
Let u = 8 - 9. Let g(i) = -13*i + 1. Let p be g(u). Let a be 2/(4/p) - 1. What is the highest common divisor of 66 and a?
6
Let b be 1 + 1 + (-78 - -756). What is the greatest common divisor of 80 and b?
40
Suppose -c + 81 = 5*y - 818, 5*c + 545 = 3*y. Suppose 4*d - 8*d = -y. What is the greatest common divisor of 10 and d?
5
Let h(g) = -2*g**3 + 4*g**2 - 14*g - 52. Let x be h(-4). Calculate the greatest common factor of x and 252.
28
Suppose 156*v - 141*v = 165. Let y(c) = 2*c**2 - 6*c - 1. Let z be y(-5). Let a = z - -31. What is the greatest common divisor of v and a?
11
Let o = -109 + 139. Calculate the greatest common divisor of o and 90.
30
Let c be (((-12)/21)/1)/(38/(-5719)). What is the greatest common divisor of 16 and c?
2
Suppose -308 = -50*g + 442. What is the highest common factor of 285 and g?
15
Let k be (24/(-30))/((-4)/100). What is the highest common factor of k and 370?
10
Let t(f) = -f**3 + 28*f**2 + 11*f - 36. Let x be t(28). Calculate the greatest common divisor of x and 16.
16
Let y = 17 - -33. Suppose 0 = 2*z - 4*r - y, 3*z - 75 = -2*r - 0*r. Let a = 110 - 60. Calculate the highest common divisor of z and a.
25
Suppose -103 + 18 = -5*q. Suppose -s - 2*o + 185 = -3*o, -2*s + o = -372. Calculate the highest common divisor of s and q.
17
Suppose -3*z + 37 = -2*z - 4*t, -3*z - 4*t + 127 = 0. What is the highest common divisor of 656 and z?
41
Let y(c) = 5*c**3 + 2*c**2 - 11*c - 3. Let f be y(3). Calculate the greatest common divisor of f and 18.
9
Suppose 9 = -5*f - 2*a - a, 0 = 2*f - 3*a - 9. Let y be 0/(f + -2) + -9. Let c = y - -15. Calculate the highest common divisor of c and 54.
6
Suppose -5*d - 5*h = -3285, 6 + 3 = -3*h. What is the highest common divisor of 60 and d?
60
Let g = -377 + 677. Calculate the greatest common divisor of 60 and g.
60
Let b be 9/((-63)/(-14)) + 257. Calculate the highest common divisor of 37 and b.
37
Suppose 5*f = -5*h - 0*f, 3*h = 2*f + 5. Let n be (-2 - (1 - 3))*h. Suppose n = 5*a - 57 + 7. Calculate the greatest common divisor of a and 50.
10
Let h(x) = 5*x - 30. Let m be h(7). Suppose -w + 229 = m*o + 51, -4*o + 154 = -5*w. Calculate the greatest common divisor of 27 and o.
9
Suppose 5*t - v = 194, -4*t + 168 = -2*v - 2*v. Calculate the greatest common factor of 171 and t.
19
Suppose 8*c - 4 = 6*c, -54 = -2*x + 5*c. Let p be ((-115)/15)/(2/(-6)). Let f = 39 - p. What is the highest common divisor of f and x?
16
Suppose -3*q + 479 = -3*d + 8*d, -294 = -3*d - 4*q. Let g = -87 + d. Suppose -4*v = -0*v - 112. Calculate the highest common factor of v and g.
7
Suppose -21*t + 1316 + 1120 = 0. Calculate the greatest common divisor of t and 4.
4
Let s = -1 + 5. Suppose s = -4*t + 5*t. Suppose 4*l + 8 = 9*l + a, t*a = -l - 6. Calculate the highest common factor of l and 22.
2
Let i be (2280/(-133))/(4/(-42)). Suppose 100 = 8*v - 3*v. Calculate the highest common factor of i and v.
20
Suppose -2*r + 3*b + 43 = -r, 15 = -3*b. Suppose 11*w - 108 + 31 = 0. Calculate the highest common factor of w and r.
7
Let n be 5*14364/180*1/3. Calculate the greatest common divisor of n and 19.
19
Suppose -282 = 7*x - 13*x. Let g = -30 + x. Suppose 5*m - 99 = 241. What is the highest common factor of m and g?
17
Suppose -z = 6 + 2. Let l be (-2)/z + (-60)/(-16). Suppose f - 2*f = -l. Calculate the greatest common divisor of 8 and f.
4
Let b(u) be the second derivative of -3*u**3/2 - 9*u**2/2 + 18*u. Let c be b(-15). What is the greatest common factor of 14 and c?
14
Let h = 227 + -157. Suppose -2*d - h = -7*d. Calculate the greatest common factor of d and 2.
2
Let j = -307 + 477. Let i = 46 - -22. Calculate the highest common divisor of j and i.
34
Suppose -u + 136 = 5*o, 2*o + 4*u = 3*u + 55. Suppose -5*i = -8 - o. Suppose -x + 9 = 2. Calculate the highest common divisor of i and x.
7
Suppose -2*o + 6*o + 41 = 5*b, 5*b - 5*o = 45. What is the greatest common factor of 90 and b?
5
Suppose -3*k + 59 + 38 = 5*n, 2*k - 58 = -3*n. Let a = -52 + 36. Let z be (-3)/(-2 - n/a). What is the highest common divisor of 4 and z?
4
Let j(t) = 17*t**2 - t. Let m be j(-1). Suppose -2*c - 38 = -2*d, -122 = -5*d - 4*c + m. What is the greatest common factor of d and 3?
3
Let d = 12 - 7. Suppose 20 = 4*j, -4*j + 90 = a - 2*j. Suppose -a = -d*m - 5*q, 0 = m - q + 4*q - 18. What is the highest common divisor of 15 and m?
15
Let l(m) = 442*m**2 - 2*m + 2. Let j be l(1). What is the highest common factor of j and 136?
34
Suppose -j + 12 + 9 = -4*c, 0 = 2*j - 2*c - 30. Calculate the greatest common divisor of 91 and j.
13
Let q(k) = 12*k + 71. Let b be q(11). Calculate the highest common divisor of b and 29.
29
Suppose 2*k + 3*h - 72 = 7*h, h + 109 = 4*k. Calculate the highest common factor of 169 and k.
13
Let n(r) = 4*r**3 + 5. Let i be n(-2). Let l be (2/(-6) + -1)*i/6. Calculate the highest common factor of l and 30.
6
Suppose 0 = -4*y - 3*m + 8*m + 18, y - 2*m - 6 = 0. Suppose 4*a = -3*i + 90, -y*a + 52 = -2*i - 0*i. Calculate the greatest common divisor of a and 8.
8
Let d(p) = -292*p + 3. Let x be d(2). Let r = -405 - x. What is the greatest common divisor of 16 and r?
16
Let i be (0 + -1)/(2/(-324)). Suppose 0 = -m - 5*m + i. What is the highest common factor of 81 and m?
27
Let y = 23 + 67. Let a(h) = -h**3 - 10*h**2 + 12*h + 13. Let f be a(-11). Let m be f/(-1) + 4 + 16. What is the greatest common factor of m and y?
18
Suppose s - 33 = -64. Let g = -45 + 121. Let w = s + g. Calculate the highest common divisor of w and 9.
9
Suppose f + 6 = 5*o - 13, 0 = -5*f + 5*o - 35. Let z(d) = -d + 5. Let j be z(f). Let i be (-45)/20*(-9 + 1). Calculate the greatest common divisor of i and j.
9
Let g be 4/(-2)*(-14)/4. Suppose 3*t - 2*o - 1 = 534, t - 170 = -o. Suppose -t = -14*u + 511. What is the highest common divisor of g and u?
7
Let a be -75*(-2)/(-9)*9/(-6). Suppose 4*f - 396 = 4*x, -f + 4*x + 496 = 4*f. Calculate the greatest common factor of a and f.
25
Let x be -5 + (0 - -3) - -1 - 0. Let f be 5/20*x - (-57)/4. Suppose 0 = 4*d, 6*w = 3*w + d + 126. Calculate the greatest common divisor of f and w.
14
Suppose 3*d + d - 38 = -a, 0 = -5*a + 3*d + 75. Suppose 16*i - a*i + 112 = 0. Suppose 7*w - 385 = i. Calculate the highest common divisor of w and 42.
21
Suppose -5*y + y - 4*n = -408, 4*y - 406 = -5*n. Calc